{"id":36,"date":"2018-02-17T00:58:39","date_gmt":"2018-02-17T00:58:39","guid":{"rendered":"https:\/\/www.mariachi.bandamusical.mx\/blog\/?page_id=36"},"modified":"2025-01-30T19:58:12","modified_gmt":"2025-01-31T01:58:12","slug":"mariachis-en-temixco-morelos","status":"publish","type":"page","link":"https:\/\/www.mariachi.bandamusical.mx\/blog\/mariachis-en-temixco-morelos\/","title":{"rendered":"Mariachi en Temixco"},"content":{"rendered":"<\/p>\n<p><strong>MARIACHI TEMIXCO<\/strong>&nbsp;<strong>MORELOS<br \/><\/strong><\/p>\n\n\n<figure class=\"wp-block-image size-full is-resized\"><a href=\"https:\/\/i0.wp.com\/www.mariachi.bandamusical.mx\/blog\/wp-content\/uploads\/2022\/06\/mariachi-temixco.jpg?ssl=1\"><img data-recalc-dims=\"1\" loading=\"lazy\" decoding=\"async\" width=\"800\" height=\"432\" src=\"https:\/\/i0.wp.com\/www.mariachi.bandamusical.mx\/blog\/wp-content\/uploads\/2022\/06\/mariachi-temixco.jpg?resize=800%2C432&#038;ssl=1\" alt=\"\" class=\"wp-image-591\" style=\"width:600px;height:324px\" srcset=\"https:\/\/i0.wp.com\/www.mariachi.bandamusical.mx\/blog\/wp-content\/uploads\/2022\/06\/mariachi-temixco.jpg?w=800&amp;ssl=1 800w, https:\/\/i0.wp.com\/www.mariachi.bandamusical.mx\/blog\/wp-content\/uploads\/2022\/06\/mariachi-temixco.jpg?resize=300%2C162&amp;ssl=1 300w, https:\/\/i0.wp.com\/www.mariachi.bandamusical.mx\/blog\/wp-content\/uploads\/2022\/06\/mariachi-temixco.jpg?resize=768%2C415&amp;ssl=1 768w\" sizes=\"auto, (max-width: 800px) 100vw, 800px\" \/><\/a><\/figure>\n\n\n\n<p>Mariachi Viva Temixco | Tel. 777 384 1340 |<br>Aniversarios | Misas | Eventos | Bodas | XV A\u00f1os<br>Jiutepec \u2022 Temixco \u2022 Emiliano Zapata \u2022 Xochitepec \u2022 Cuernavaca<\/p>\n\n\n\n<p>Mariachi Viva Temixco | Tel. 777 384 1340 |<br>Aniversarios | Misas | Eventos | Bodas | XV A\u00f1os<br>Jiutepec \u2022 Temixco \u2022 Emiliano Zapata \u2022 Xochitepec \u2022 Cuernavaca<br><br>Las quincea\u00f1eras son una celebraci\u00f3n muy especial, marcando la transici\u00f3n de ni\u00f1a a mujer a los 15 a\u00f1os. El mariachi juega un papel crucial en estas fiestas, a\u00f1adiendo un toque de tradici\u00f3n y emoci\u00f3n.<\/p>\n\n\n\n<p>Momentos Clave La llegada de la quincea\u00f1era al sal\u00f3n es uno de los momentos m\u00e1s esperados. El mariachi suele tocar una canci\u00f3n especial mientras ella hace su entrada, creando una atm\u00f3sfera m\u00e1gica.<\/p>\n\n\n\n<p><strong><strong><strong>SERVICIO DE SERENATA<\/strong><br><strong><br>8 elementos<\/strong> <\/strong><\/strong>de 6 a 7 canciones completas<br>Tiempo aprox.35 min.<strong><strong><br><strong><br>SERVICIO POR HORA<br><\/strong><\/strong><\/strong>8<strong><strong><strong> elementos<\/strong> <\/strong><\/strong>de 13 a 14 canciones completas<br>Tiempo por una hora.\u00a0 <strong><strong><br><br><strong>Grupo Completo<\/strong> <\/strong><\/strong>de 8 elementos<br><\/p>\n\n\n\n<p><strong>SERVICIOS ESPECIALES<\/strong><br>Grupo de Mariachis con m\u00e1s integrantes disponibles todos los d\u00edas por hora<br>Mariachis con  <strong>6, 7, 8, 9, 10 y hasta 12 Integrantes<\/strong><br><br><strong>OPCIONAL<br><\/strong>Presentaci\u00f3n de Mariachi con Sombreros<\/p>\n\n\n\n<p><strong>PARA CONTRATAR REQUERIMOS<\/strong><br>\u2022 Nombre de contacto \u2022 Numero Celular \u2022 Direcci\u00f3n \u2022 Hora y Fecha \u2022 Ubicaci\u00f3n de Google Maps \u2022 Anticipo<br><\/p>\n\n\n\n<p><strong>REFERENCIAS<br><\/strong>M\u00fasicos profesionales<br>Amplio repertorio musical<br>Excelente presentaci\u00f3n traje de gala color negro o hueso<br>Canciones completas<br>Alto nivel musical<br><br><br><strong>PRESENTACION<\/strong><\/p>\n\n\n<a id=\"69f490c70dbc6\" rel=\"wp-video-lightbox\" href=\"https:\/\/www.youtube.com\/watch?v=7hNkv2_xl7o&#038;width=280&#038;height=220\" title=\"\"><div class=\"wpvl_auto_thumb_box_wrapper\"><div class=\"wpvl_auto_thumb_box\"><img data-recalc-dims=\"1\" decoding=\"async\" src=\"https:\/\/i0.wp.com\/img.youtube.com\/vi\/7hNkv2_xl7o\/0.jpg?w=1080&#038;ssl=1\" class=\"video_lightbox_auto_anchor_image\" alt=\"\" \/><div class=\"wpvl_auto_thumb_play\"><img data-recalc-dims=\"1\" decoding=\"async\" src=\"https:\/\/i0.wp.com\/www.mariachi.bandamusical.mx\/blog\/wp-content\/plugins\/wp-video-lightbox\/images\/play.png?w=1080&#038;ssl=1\" class=\"wpvl_playbutton\" \/><\/div><\/div><\/div><\/a>    <script>\r\n    \/* <![CDATA[ *\/\r\n    jQuery(document).ready(function($){\r\n        $(function(){\r\n            var width = $(window).innerWidth();\r\n            var setwidth = parseFloat(280);\r\n            var ratio = parseFloat(0.78571428571429);\r\n            var height = parseFloat(220);\r\n            var link = 'https:\/\/www.youtube.com\/watch?v=7hNkv2_xl7o&amp;width=280&amp;height=220';\r\n            if(width < setwidth)\r\n            {\r\n                height = Math.floor(width * 0.78571428571429);\r\n                \/\/console.log(\"device width \"+width+\", set width \"+280+\", ratio \"+0.78571428571429+\", new height \"+ height);\r\n                var new_url = wpvl_paramReplace('width', link, width);\r\n                var new_url = wpvl_paramReplace('height', new_url, height);\r\n                $(\"a#69f490c70dbc6\").attr('href', new_url);\r\n                \/\/console.log(new_url);\r\n            }\r\n        });\r\n    });\r\n    \/* ]]> *\/\r\n    <\/script>\n\n\n\n<p><br><strong>REFERENCIAS<\/strong><\/p>\n\n\n\n<ul class=\"wp-block-list\">\n<li>M\u00fasicos profesionales<\/li>\n\n\n\n<li>Amplio repertorio musical<\/li>\n\n\n\n<li>Excelente presentaci\u00f3n traje de gala color negro o hueso<\/li>\n\n\n\n<li>Canciones completas<\/li>\n\n\n\n<li>Alto nivel musical<\/li>\n<\/ul>\n\n\n\n<p><br>Informes y Reservaciones<br>Mariachi Viva Temixco Morelos<br>Tel. 777 384 1340<br>Creando un ambiente festivo y de recuerdos inolvidables<\/p>\n\n\n\n<p><br><\/p>\n","protected":false},"excerpt":{"rendered":"<p>Mariachi Cuernavaca | Tel. 777 384 1340 | Aniversarios | Misas | Eventos | Jiutepec \u2605 Temixco \u2605 Zapata \u2605 Xochitepec \u2605 Cuernavaca | Econ\u00f3mico Calidad Garantizada<\/p>\n","protected":false},"author":1,"featured_media":0,"parent":0,"menu_order":3,"comment_status":"closed","ping_status":"closed","template":"","meta":{"_et_pb_use_builder":"","_et_pb_old_content":"","_et_gb_content_width":"","footnotes":""},"class_list":["post-36","page","type-page","status-publish","hentry"],"yoast_head":"<!-- This site is optimized with the Yoast SEO plugin v24.3 - https:\/\/yoast.com\/wordpress\/plugins\/seo\/ -->\n<title>Mariachi Viva Temixco | Mariachi en Temixco 777 384 1340<\/title>\n<meta name=\"description\" content=\"Aniversarios | Misas | Eventos | Bodas | XV A\u00f1os | Jiutepec \u2022 Temixco \u2022 Emiliano Zapata \u2022 Xochitepec \u2022 Cuernavaca\" \/>\n<meta name=\"robots\" content=\"index, follow, max-snippet:-1, max-image-preview:large, max-video-preview:-1\" \/>\n<link rel=\"canonical\" href=\"https:\/\/www.mariachi.bandamusical.mx\/blog\/mariachis-en-temixco-morelos\/\" \/>\n<meta property=\"og:locale\" content=\"es_ES\" \/>\n<meta property=\"og:type\" content=\"article\" \/>\n<meta property=\"og:title\" content=\"Mariachis en Temixco Xochitepec Jiutepec Morelos\" \/>\n<meta property=\"og:description\" content=\"Mariachi Cocula Cuernavaca \u2605 Econ\u00f3mico Calidad Garantizada Contrate al Tel 777 384 1340 Vamos a todo tipo de eventos Serenatas Cumplea\u00f1os Bodas Bautizos XV A\u00f1os Aniversarios Calidad a Buen Precio \u00a1Llame Ya!\" \/>\n<meta property=\"og:url\" content=\"https:\/\/www.mariachi.bandamusical.mx\/blog\/mariachis-en-temixco-morelos\/\" \/>\n<meta property=\"og:site_name\" content=\"Mariachi Viva Cuernavaca\" \/>\n<meta property=\"article:modified_time\" content=\"2025-01-31T01:58:12+00:00\" \/>\n<meta property=\"og:image\" content=\"https:\/\/www.mariachi.bandamusical.mx\/blog\/wp-content\/uploads\/2022\/02\/MariachiCocula-Temixco.jpg\" \/>\n\t<meta property=\"og:image:width\" content=\"1235\" \/>\n\t<meta property=\"og:image:height\" content=\"587\" \/>\n\t<meta property=\"og:image:type\" content=\"image\/jpeg\" \/>\n<meta name=\"twitter:card\" content=\"summary_large_image\" \/>\n<meta name=\"twitter:label1\" content=\"Tiempo de lectura\" \/>\n\t<meta name=\"twitter:data1\" content=\"2 minutos\" \/>\n<script type=\"application\/ld+json\" class=\"yoast-schema-graph\">{\"@context\":\"https:\/\/schema.org\",\"@graph\":[{\"@type\":\"WebPage\",\"@id\":\"https:\/\/www.mariachi.bandamusical.mx\/blog\/mariachis-en-temixco-morelos\/\",\"url\":\"https:\/\/www.mariachi.bandamusical.mx\/blog\/mariachis-en-temixco-morelos\/\",\"name\":\"Mariachi Viva Temixco | Mariachi en Temixco 777 384 1340\",\"isPartOf\":{\"@id\":\"https:\/\/www.mariachi.bandamusical.mx\/blog\/#website\"},\"primaryImageOfPage\":{\"@id\":\"https:\/\/www.mariachi.bandamusical.mx\/blog\/mariachis-en-temixco-morelos\/#primaryimage\"},\"image\":{\"@id\":\"https:\/\/www.mariachi.bandamusical.mx\/blog\/mariachis-en-temixco-morelos\/#primaryimage\"},\"thumbnailUrl\":\"https:\/\/www.mariachi.bandamusical.mx\/blog\/wp-content\/uploads\/2022\/06\/mariachi-temixco.jpg\",\"datePublished\":\"2018-02-17T00:58:39+00:00\",\"dateModified\":\"2025-01-31T01:58:12+00:00\",\"description\":\"Aniversarios | Misas | Eventos | Bodas | XV A\u00f1os | Jiutepec \u2022 Temixco \u2022 Emiliano Zapata \u2022 Xochitepec \u2022 Cuernavaca\",\"breadcrumb\":{\"@id\":\"https:\/\/www.mariachi.bandamusical.mx\/blog\/mariachis-en-temixco-morelos\/#breadcrumb\"},\"inLanguage\":\"es\",\"potentialAction\":[{\"@type\":\"ReadAction\",\"target\":[\"https:\/\/www.mariachi.bandamusical.mx\/blog\/mariachis-en-temixco-morelos\/\"]}]},{\"@type\":\"ImageObject\",\"inLanguage\":\"es\",\"@id\":\"https:\/\/www.mariachi.bandamusical.mx\/blog\/mariachis-en-temixco-morelos\/#primaryimage\",\"url\":\"https:\/\/i0.wp.com\/www.mariachi.bandamusical.mx\/blog\/wp-content\/uploads\/2022\/06\/mariachi-temixco.jpg?fit=800%2C432&ssl=1\",\"contentUrl\":\"https:\/\/i0.wp.com\/www.mariachi.bandamusical.mx\/blog\/wp-content\/uploads\/2022\/06\/mariachi-temixco.jpg?fit=800%2C432&ssl=1\",\"width\":800,\"height\":432},{\"@type\":\"BreadcrumbList\",\"@id\":\"https:\/\/www.mariachi.bandamusical.mx\/blog\/mariachis-en-temixco-morelos\/#breadcrumb\",\"itemListElement\":[{\"@type\":\"ListItem\",\"position\":1,\"name\":\"Home\",\"item\":\"https:\/\/www.mariachi.bandamusical.mx\/blog\/\"},{\"@type\":\"ListItem\",\"position\":2,\"name\":\"Mariachi en Temixco\"}]},{\"@type\":\"WebSite\",\"@id\":\"https:\/\/www.mariachi.bandamusical.mx\/blog\/#website\",\"url\":\"https:\/\/www.mariachi.bandamusical.mx\/blog\/\",\"name\":\"\u272a Mariachi Cocula Cuernavaca \u2605 Sitio oficial\",\"description\":\"Econ&oacute;mico Calidad Garantizada Tel. 777 384 1340\",\"publisher\":{\"@id\":\"https:\/\/www.mariachi.bandamusical.mx\/blog\/#\/schema\/person\/8e6e0bf96ef41eb472a2563ed1b8fc1a\"},\"potentialAction\":[{\"@type\":\"SearchAction\",\"target\":{\"@type\":\"EntryPoint\",\"urlTemplate\":\"https:\/\/www.mariachi.bandamusical.mx\/blog\/?s={search_term_string}\"},\"query-input\":{\"@type\":\"PropertyValueSpecification\",\"valueRequired\":true,\"valueName\":\"search_term_string\"}}],\"inLanguage\":\"es\"},{\"@type\":[\"Person\",\"Organization\"],\"@id\":\"https:\/\/www.mariachi.bandamusical.mx\/blog\/#\/schema\/person\/8e6e0bf96ef41eb472a2563ed1b8fc1a\",\"name\":\"admin\",\"image\":{\"@type\":\"ImageObject\",\"inLanguage\":\"es\",\"@id\":\"https:\/\/www.mariachi.bandamusical.mx\/blog\/#\/schema\/person\/image\/\",\"url\":\"https:\/\/secure.gravatar.com\/avatar\/7c78d2b426b975a1186407161f196911d34a46a3c12c8cde888311b9aac3b5d8?s=96&d=mm&r=g\",\"contentUrl\":\"https:\/\/secure.gravatar.com\/avatar\/7c78d2b426b975a1186407161f196911d34a46a3c12c8cde888311b9aac3b5d8?s=96&d=mm&r=g\",\"caption\":\"admin\"},\"logo\":{\"@id\":\"https:\/\/www.mariachi.bandamusical.mx\/blog\/#\/schema\/person\/image\/\"}}]}<\/script>\n<!-- \/ Yoast SEO plugin. -->","yoast_head_json":{"title":"Mariachi Viva Temixco | Mariachi en Temixco 777 384 1340","description":"Aniversarios | Misas | Eventos | Bodas | XV A\u00f1os | Jiutepec \u2022 Temixco \u2022 Emiliano Zapata \u2022 Xochitepec \u2022 Cuernavaca","robots":{"index":"index","follow":"follow","max-snippet":"max-snippet:-1","max-image-preview":"max-image-preview:large","max-video-preview":"max-video-preview:-1"},"canonical":"https:\/\/www.mariachi.bandamusical.mx\/blog\/mariachis-en-temixco-morelos\/","og_locale":"es_ES","og_type":"article","og_title":"Mariachis en Temixco Xochitepec Jiutepec Morelos","og_description":"Mariachi Cocula Cuernavaca \u2605 Econ\u00f3mico Calidad Garantizada Contrate al Tel 777 384 1340 Vamos a todo tipo de eventos Serenatas Cumplea\u00f1os Bodas Bautizos XV A\u00f1os Aniversarios Calidad a Buen Precio \u00a1Llame Ya!","og_url":"https:\/\/www.mariachi.bandamusical.mx\/blog\/mariachis-en-temixco-morelos\/","og_site_name":"Mariachi Viva Cuernavaca","article_modified_time":"2025-01-31T01:58:12+00:00","og_image":[{"width":1235,"height":587,"url":"https:\/\/www.mariachi.bandamusical.mx\/blog\/wp-content\/uploads\/2022\/02\/MariachiCocula-Temixco.jpg","type":"image\/jpeg"}],"twitter_card":"summary_large_image","twitter_misc":{"Tiempo de lectura":"2 minutos"},"schema":{"@context":"https:\/\/schema.org","@graph":[{"@type":"WebPage","@id":"https:\/\/www.mariachi.bandamusical.mx\/blog\/mariachis-en-temixco-morelos\/","url":"https:\/\/www.mariachi.bandamusical.mx\/blog\/mariachis-en-temixco-morelos\/","name":"Mariachi Viva Temixco | Mariachi en Temixco 777 384 1340","isPartOf":{"@id":"https:\/\/www.mariachi.bandamusical.mx\/blog\/#website"},"primaryImageOfPage":{"@id":"https:\/\/www.mariachi.bandamusical.mx\/blog\/mariachis-en-temixco-morelos\/#primaryimage"},"image":{"@id":"https:\/\/www.mariachi.bandamusical.mx\/blog\/mariachis-en-temixco-morelos\/#primaryimage"},"thumbnailUrl":"https:\/\/www.mariachi.bandamusical.mx\/blog\/wp-content\/uploads\/2022\/06\/mariachi-temixco.jpg","datePublished":"2018-02-17T00:58:39+00:00","dateModified":"2025-01-31T01:58:12+00:00","description":"Aniversarios | Misas | Eventos | Bodas | XV A\u00f1os | Jiutepec \u2022 Temixco \u2022 Emiliano Zapata \u2022 Xochitepec \u2022 Cuernavaca","breadcrumb":{"@id":"https:\/\/www.mariachi.bandamusical.mx\/blog\/mariachis-en-temixco-morelos\/#breadcrumb"},"inLanguage":"es","potentialAction":[{"@type":"ReadAction","target":["https:\/\/www.mariachi.bandamusical.mx\/blog\/mariachis-en-temixco-morelos\/"]}]},{"@type":"ImageObject","inLanguage":"es","@id":"https:\/\/www.mariachi.bandamusical.mx\/blog\/mariachis-en-temixco-morelos\/#primaryimage","url":"https:\/\/i0.wp.com\/www.mariachi.bandamusical.mx\/blog\/wp-content\/uploads\/2022\/06\/mariachi-temixco.jpg?fit=800%2C432&ssl=1","contentUrl":"https:\/\/i0.wp.com\/www.mariachi.bandamusical.mx\/blog\/wp-content\/uploads\/2022\/06\/mariachi-temixco.jpg?fit=800%2C432&ssl=1","width":800,"height":432},{"@type":"BreadcrumbList","@id":"https:\/\/www.mariachi.bandamusical.mx\/blog\/mariachis-en-temixco-morelos\/#breadcrumb","itemListElement":[{"@type":"ListItem","position":1,"name":"Home","item":"https:\/\/www.mariachi.bandamusical.mx\/blog\/"},{"@type":"ListItem","position":2,"name":"Mariachi en Temixco"}]},{"@type":"WebSite","@id":"https:\/\/www.mariachi.bandamusical.mx\/blog\/#website","url":"https:\/\/www.mariachi.bandamusical.mx\/blog\/","name":"\u272a Mariachi Cocula Cuernavaca \u2605 Sitio oficial","description":"Econ&oacute;mico Calidad Garantizada Tel. 777 384 1340","publisher":{"@id":"https:\/\/www.mariachi.bandamusical.mx\/blog\/#\/schema\/person\/8e6e0bf96ef41eb472a2563ed1b8fc1a"},"potentialAction":[{"@type":"SearchAction","target":{"@type":"EntryPoint","urlTemplate":"https:\/\/www.mariachi.bandamusical.mx\/blog\/?s={search_term_string}"},"query-input":{"@type":"PropertyValueSpecification","valueRequired":true,"valueName":"search_term_string"}}],"inLanguage":"es"},{"@type":["Person","Organization"],"@id":"https:\/\/www.mariachi.bandamusical.mx\/blog\/#\/schema\/person\/8e6e0bf96ef41eb472a2563ed1b8fc1a","name":"admin","image":{"@type":"ImageObject","inLanguage":"es","@id":"https:\/\/www.mariachi.bandamusical.mx\/blog\/#\/schema\/person\/image\/","url":"https:\/\/secure.gravatar.com\/avatar\/7c78d2b426b975a1186407161f196911d34a46a3c12c8cde888311b9aac3b5d8?s=96&d=mm&r=g","contentUrl":"https:\/\/secure.gravatar.com\/avatar\/7c78d2b426b975a1186407161f196911d34a46a3c12c8cde888311b9aac3b5d8?s=96&d=mm&r=g","caption":"admin"},"logo":{"@id":"https:\/\/www.mariachi.bandamusical.mx\/blog\/#\/schema\/person\/image\/"}}]}},"jetpack_sharing_enabled":true,"_links":{"self":[{"href":"https:\/\/www.mariachi.bandamusical.mx\/blog\/wp-json\/wp\/v2\/pages\/36","targetHints":{"allow":["GET"]}}],"collection":[{"href":"https:\/\/www.mariachi.bandamusical.mx\/blog\/wp-json\/wp\/v2\/pages"}],"about":[{"href":"https:\/\/www.mariachi.bandamusical.mx\/blog\/wp-json\/wp\/v2\/types\/page"}],"author":[{"embeddable":true,"href":"https:\/\/www.mariachi.bandamusical.mx\/blog\/wp-json\/wp\/v2\/users\/1"}],"replies":[{"embeddable":true,"href":"https:\/\/www.mariachi.bandamusical.mx\/blog\/wp-json\/wp\/v2\/comments?post=36"}],"version-history":[{"count":67,"href":"https:\/\/www.mariachi.bandamusical.mx\/blog\/wp-json\/wp\/v2\/pages\/36\/revisions"}],"predecessor-version":[{"id":718,"href":"https:\/\/www.mariachi.bandamusical.mx\/blog\/wp-json\/wp\/v2\/pages\/36\/revisions\/718"}],"wp:attachment":[{"href":"https:\/\/www.mariachi.bandamusical.mx\/blog\/wp-json\/wp\/v2\/media?parent=36"}],"curies":[{"name":"wp","href":"https:\/\/api.w.org\/{rel}","templated":true}]}}