{"id":208,"date":"2021-05-15T18:25:22","date_gmt":"2021-05-16T00:25:22","guid":{"rendered":"https:\/\/www.mariachi.bandamusical.mx\/blog\/?page_id=208"},"modified":"2025-01-30T20:00:41","modified_gmt":"2025-01-31T02:00:41","slug":"mariachis-en-emiliano-zapata-morelos","status":"publish","type":"page","link":"https:\/\/www.mariachi.bandamusical.mx\/blog\/mariachis-en-emiliano-zapata-morelos\/","title":{"rendered":"Mariachi en Zapata"},"content":{"rendered":"\n<!--more-->\n\n\n\n<figure class=\"wp-block-image size-full is-resized\"><a href=\"https:\/\/i0.wp.com\/www.mariachi.bandamusical.mx\/blog\/wp-content\/uploads\/2022\/06\/mariachi-zapata.jpg?ssl=1\"><img data-recalc-dims=\"1\" loading=\"lazy\" decoding=\"async\" width=\"800\" height=\"450\" src=\"https:\/\/i0.wp.com\/www.mariachi.bandamusical.mx\/blog\/wp-content\/uploads\/2022\/06\/mariachi-zapata.jpg?resize=800%2C450&#038;ssl=1\" alt=\"\" class=\"wp-image-589\" style=\"width:600px;height:338px\" srcset=\"https:\/\/i0.wp.com\/www.mariachi.bandamusical.mx\/blog\/wp-content\/uploads\/2022\/06\/mariachi-zapata.jpg?w=800&amp;ssl=1 800w, https:\/\/i0.wp.com\/www.mariachi.bandamusical.mx\/blog\/wp-content\/uploads\/2022\/06\/mariachi-zapata.jpg?resize=300%2C169&amp;ssl=1 300w, https:\/\/i0.wp.com\/www.mariachi.bandamusical.mx\/blog\/wp-content\/uploads\/2022\/06\/mariachi-zapata.jpg?resize=768%2C432&amp;ssl=1 768w\" sizes=\"auto, (max-width: 800px) 100vw, 800px\" \/><\/a><\/figure>\n\n\n\n<p>Mariachi en Emiliano Zapata | Tel. 777 384 1340 |<br>Aniversarios | Misas | Eventos | Bodas | XV A\u00f1os<br>Jiutepec \u2022 Temixco \u2022 Emiliano Zapata \u2022 Xochitepec \u2022 Cuernavaca<\/p>\n\n\n<p>\u00a0<\/p>\n<p>Los Mariachis son grupos o bandas musicales t\u00edpicos de M\u00e9xico, su m\u00fasica y vestimenta es reconocida en todo el mundo. Contamos con varias opciones para su evento<\/p>\n<p><!-- \/wp:post-content --><\/p>\n<p><!-- wp:paragraph --><\/p>\n<p><strong>SERVICIO DE SERENATA<br \/><\/strong><strong>8 elementos <\/strong>de 6 a 7 canciones completas<br \/>Tiempo aprox.35 min.<\/p>\n<p><strong>\u00a0<\/strong><strong>SERVICIO POR HORA<br \/><\/strong><strong>8 elementos d<\/strong>e 13 a 14 canciones completas<br \/>Tiempo por una hora.<\/p>\n<p><strong>\u00a0<\/strong><\/p>\n<p><strong>Grupo Completo <\/strong>de 8 elementos<\/p>\n<p><strong>SERVICIOS ESPECIALES<\/strong><br \/>Grupo de Mariachis con m\u00e1s integrantes a cotizar<\/p>\n<p><!-- \/wp:paragraph --><\/p>\n<p><!-- wp:paragraph --><\/p>\n<p><strong>PARA CONTRATAR REQUERIMOS<\/strong><br \/>\u2022 Nombre de contacto \u2022 Numero Celular \u2022 Direcci\u00f3n \u2022 Hora y Fecha \u2022 Ubicaci\u00f3n de Google Maps \u2022 Anticipo<\/p>\n<p><!-- \/wp:paragraph --><\/p>\n<p><!-- wp:paragraph --><\/p>\n<p><strong>REFERENCIAS<br \/><\/strong>M\u00fasicos profesionales<br \/>Amplio repertorio musical<br \/>Excelente presentaci\u00f3n traje de gala color negro o hueso<br \/>Canciones completas<br \/>Alto nivel musical<\/p>\n<p><!-- \/wp:paragraph --><\/p>\n<p><!-- wp:shortcode --><br \/><a id=\"69f491805c950\" rel=\"wp-video-lightbox\" href=\"https:\/\/www.youtube.com\/watch?v=ICxSq8S7-8E&#038;width=280&#038;height=220\" title=\"\"><div class=\"wpvl_auto_thumb_box_wrapper\"><div class=\"wpvl_auto_thumb_box\"><img data-recalc-dims=\"1\" decoding=\"async\" src=\"https:\/\/i0.wp.com\/img.youtube.com\/vi\/ICxSq8S7-8E\/0.jpg?w=1080&#038;ssl=1\" class=\"video_lightbox_auto_anchor_image\" alt=\"\" \/><div class=\"wpvl_auto_thumb_play\"><img data-recalc-dims=\"1\" decoding=\"async\" src=\"https:\/\/i0.wp.com\/www.mariachi.bandamusical.mx\/blog\/wp-content\/plugins\/wp-video-lightbox\/images\/play.png?w=1080&#038;ssl=1\" class=\"wpvl_playbutton\" \/><\/div><\/div><\/div><\/a>    <script>\r\n    \/* <![CDATA[ *\/\r\n    jQuery(document).ready(function($){\r\n        $(function(){\r\n            var width = $(window).innerWidth();\r\n            var setwidth = parseFloat(280);\r\n            var ratio = parseFloat(0.78571428571429);\r\n            var height = parseFloat(220);\r\n            var link = 'https:\/\/www.youtube.com\/watch?v=ICxSq8S7-8E&amp;width=280&amp;height=220';\r\n            if(width < setwidth)\r\n            {\r\n                height = Math.floor(width * 0.78571428571429);\r\n                \/\/console.log(\"device width \"+width+\", set width \"+280+\", ratio \"+0.78571428571429+\", new height \"+ height);\r\n                var new_url = wpvl_paramReplace('width', link, width);\r\n                var new_url = wpvl_paramReplace('height', new_url, height);\r\n                $(\"a#69f491805c950\").attr('href', new_url);\r\n                \/\/console.log(new_url);\r\n            }\r\n        });\r\n    });\r\n    \/* ]]> *\/\r\n    <\/script><br \/><!-- \/wp:shortcode --><\/p>\n<p><!-- wp:paragraph --><\/p>\n<p>Quedamos atentos para atender cualquier inquietud<br \/><strong>Mariachi Emiliano Zapata Morelos<\/strong><br \/>Tel. 777 384 1340<\/p>\n<p>\u00a0<\/p>\n<p><!-- \/wp:paragraph --><\/p>","protected":false},"excerpt":{"rendered":"<p>Mariachi E. Zapata | Tel. 777 384 1340 | Aniversarios | Misas | Eventos | Jiutepec \u2605 Temixco \u2605 Zapata \u2605 Xochitepec \u2605 Cuernavaca | Econ\u00f3mico Calidad Garantizada<\/p>\n","protected":false},"author":1,"featured_media":0,"parent":0,"menu_order":4,"comment_status":"closed","ping_status":"closed","template":"","meta":{"_et_pb_use_builder":"","_et_pb_old_content":"","_et_gb_content_width":"","footnotes":""},"class_list":["post-208","page","type-page","status-publish","hentry"],"yoast_head":"<!-- This site is optimized with the Yoast SEO plugin v24.3 - https:\/\/yoast.com\/wordpress\/plugins\/seo\/ -->\n<title>Mariachis en Emiliano Zapata Morelos | Reserve tel. 777 384 1340<\/title>\n<meta name=\"description\" content=\"Mariachi Viva Zapata | Creando recuerdos inolvidables | Jiutepec \u2022 Temixco \u2022 Emiliano Zapata \u2022 Xochitepec \u2022 Cuernavaca\" \/>\n<meta name=\"robots\" content=\"index, follow, max-snippet:-1, max-image-preview:large, max-video-preview:-1\" \/>\n<link rel=\"canonical\" href=\"https:\/\/www.mariachi.bandamusical.mx\/blog\/mariachis-en-emiliano-zapata-morelos\/\" \/>\n<meta property=\"og:locale\" content=\"es_ES\" \/>\n<meta property=\"og:type\" content=\"article\" \/>\n<meta property=\"og:title\" content=\"Mariachis en Emiliano Zapata, Morelos\" \/>\n<meta property=\"og:description\" content=\"Mariachi E. Zapata | Tel. 777 384 1340 | Aniversarios | Misas | Eventos | Jiutepec \u2605 Temixco \u2605 Zapata \u2605 Xochitepec \u2605 Cuernavaca | Econ\u00f3mico Calidad\" \/>\n<meta property=\"og:url\" content=\"https:\/\/www.mariachi.bandamusical.mx\/blog\/mariachis-en-emiliano-zapata-morelos\/\" \/>\n<meta property=\"og:site_name\" content=\"Mariachi Viva Cuernavaca\" \/>\n<meta property=\"article:modified_time\" content=\"2025-01-31T02:00:41+00:00\" \/>\n<meta property=\"og:image\" content=\"https:\/\/www.mariachi.bandamusical.mx\/blog\/wp-content\/uploads\/2022\/02\/Mariachis-en-Emiliano-Zapata-Morelos.jpg\" \/>\n\t<meta property=\"og:image:width\" content=\"720\" \/>\n\t<meta property=\"og:image:height\" content=\"480\" \/>\n\t<meta property=\"og:image:type\" content=\"image\/jpeg\" \/>\n<meta name=\"twitter:card\" content=\"summary_large_image\" \/>\n<meta name=\"twitter:label1\" content=\"Tiempo de lectura\" \/>\n\t<meta name=\"twitter:data1\" content=\"1 minuto\" \/>\n<script type=\"application\/ld+json\" class=\"yoast-schema-graph\">{\"@context\":\"https:\/\/schema.org\",\"@graph\":[{\"@type\":\"WebPage\",\"@id\":\"https:\/\/www.mariachi.bandamusical.mx\/blog\/mariachis-en-emiliano-zapata-morelos\/\",\"url\":\"https:\/\/www.mariachi.bandamusical.mx\/blog\/mariachis-en-emiliano-zapata-morelos\/\",\"name\":\"Mariachis en Emiliano Zapata Morelos | Reserve tel. 777 384 1340\",\"isPartOf\":{\"@id\":\"https:\/\/www.mariachi.bandamusical.mx\/blog\/#website\"},\"primaryImageOfPage\":{\"@id\":\"https:\/\/www.mariachi.bandamusical.mx\/blog\/mariachis-en-emiliano-zapata-morelos\/#primaryimage\"},\"image\":{\"@id\":\"https:\/\/www.mariachi.bandamusical.mx\/blog\/mariachis-en-emiliano-zapata-morelos\/#primaryimage\"},\"thumbnailUrl\":\"https:\/\/www.mariachi.bandamusical.mx\/blog\/wp-content\/uploads\/2022\/06\/mariachi-zapata.jpg\",\"datePublished\":\"2021-05-16T00:25:22+00:00\",\"dateModified\":\"2025-01-31T02:00:41+00:00\",\"description\":\"Mariachi Viva Zapata | Creando recuerdos inolvidables | Jiutepec \u2022 Temixco \u2022 Emiliano Zapata \u2022 Xochitepec \u2022 Cuernavaca\",\"breadcrumb\":{\"@id\":\"https:\/\/www.mariachi.bandamusical.mx\/blog\/mariachis-en-emiliano-zapata-morelos\/#breadcrumb\"},\"inLanguage\":\"es\",\"potentialAction\":[{\"@type\":\"ReadAction\",\"target\":[\"https:\/\/www.mariachi.bandamusical.mx\/blog\/mariachis-en-emiliano-zapata-morelos\/\"]}]},{\"@type\":\"ImageObject\",\"inLanguage\":\"es\",\"@id\":\"https:\/\/www.mariachi.bandamusical.mx\/blog\/mariachis-en-emiliano-zapata-morelos\/#primaryimage\",\"url\":\"https:\/\/i0.wp.com\/www.mariachi.bandamusical.mx\/blog\/wp-content\/uploads\/2022\/06\/mariachi-zapata.jpg?fit=800%2C450&ssl=1\",\"contentUrl\":\"https:\/\/i0.wp.com\/www.mariachi.bandamusical.mx\/blog\/wp-content\/uploads\/2022\/06\/mariachi-zapata.jpg?fit=800%2C450&ssl=1\",\"width\":800,\"height\":450},{\"@type\":\"BreadcrumbList\",\"@id\":\"https:\/\/www.mariachi.bandamusical.mx\/blog\/mariachis-en-emiliano-zapata-morelos\/#breadcrumb\",\"itemListElement\":[{\"@type\":\"ListItem\",\"position\":1,\"name\":\"Home\",\"item\":\"https:\/\/www.mariachi.bandamusical.mx\/blog\/\"},{\"@type\":\"ListItem\",\"position\":2,\"name\":\"Mariachi en Zapata\"}]},{\"@type\":\"WebSite\",\"@id\":\"https:\/\/www.mariachi.bandamusical.mx\/blog\/#website\",\"url\":\"https:\/\/www.mariachi.bandamusical.mx\/blog\/\",\"name\":\"\u272a Mariachi Cocula Cuernavaca \u2605 Sitio oficial\",\"description\":\"Econ&oacute;mico Calidad Garantizada Tel. 777 384 1340\",\"publisher\":{\"@id\":\"https:\/\/www.mariachi.bandamusical.mx\/blog\/#\/schema\/person\/8e6e0bf96ef41eb472a2563ed1b8fc1a\"},\"potentialAction\":[{\"@type\":\"SearchAction\",\"target\":{\"@type\":\"EntryPoint\",\"urlTemplate\":\"https:\/\/www.mariachi.bandamusical.mx\/blog\/?s={search_term_string}\"},\"query-input\":{\"@type\":\"PropertyValueSpecification\",\"valueRequired\":true,\"valueName\":\"search_term_string\"}}],\"inLanguage\":\"es\"},{\"@type\":[\"Person\",\"Organization\"],\"@id\":\"https:\/\/www.mariachi.bandamusical.mx\/blog\/#\/schema\/person\/8e6e0bf96ef41eb472a2563ed1b8fc1a\",\"name\":\"admin\",\"image\":{\"@type\":\"ImageObject\",\"inLanguage\":\"es\",\"@id\":\"https:\/\/www.mariachi.bandamusical.mx\/blog\/#\/schema\/person\/image\/\",\"url\":\"https:\/\/secure.gravatar.com\/avatar\/7c78d2b426b975a1186407161f196911d34a46a3c12c8cde888311b9aac3b5d8?s=96&d=mm&r=g\",\"contentUrl\":\"https:\/\/secure.gravatar.com\/avatar\/7c78d2b426b975a1186407161f196911d34a46a3c12c8cde888311b9aac3b5d8?s=96&d=mm&r=g\",\"caption\":\"admin\"},\"logo\":{\"@id\":\"https:\/\/www.mariachi.bandamusical.mx\/blog\/#\/schema\/person\/image\/\"}}]}<\/script>\n<!-- \/ Yoast SEO plugin. -->","yoast_head_json":{"title":"Mariachis en Emiliano Zapata Morelos | Reserve tel. 777 384 1340","description":"Mariachi Viva Zapata | Creando recuerdos inolvidables | Jiutepec \u2022 Temixco \u2022 Emiliano Zapata \u2022 Xochitepec \u2022 Cuernavaca","robots":{"index":"index","follow":"follow","max-snippet":"max-snippet:-1","max-image-preview":"max-image-preview:large","max-video-preview":"max-video-preview:-1"},"canonical":"https:\/\/www.mariachi.bandamusical.mx\/blog\/mariachis-en-emiliano-zapata-morelos\/","og_locale":"es_ES","og_type":"article","og_title":"Mariachis en Emiliano Zapata, Morelos","og_description":"Mariachi E. Zapata | Tel. 777 384 1340 | Aniversarios | Misas | Eventos | Jiutepec \u2605 Temixco \u2605 Zapata \u2605 Xochitepec \u2605 Cuernavaca | Econ\u00f3mico Calidad","og_url":"https:\/\/www.mariachi.bandamusical.mx\/blog\/mariachis-en-emiliano-zapata-morelos\/","og_site_name":"Mariachi Viva Cuernavaca","article_modified_time":"2025-01-31T02:00:41+00:00","og_image":[{"width":720,"height":480,"url":"https:\/\/www.mariachi.bandamusical.mx\/blog\/wp-content\/uploads\/2022\/02\/Mariachis-en-Emiliano-Zapata-Morelos.jpg","type":"image\/jpeg"}],"twitter_card":"summary_large_image","twitter_misc":{"Tiempo de lectura":"1 minuto"},"schema":{"@context":"https:\/\/schema.org","@graph":[{"@type":"WebPage","@id":"https:\/\/www.mariachi.bandamusical.mx\/blog\/mariachis-en-emiliano-zapata-morelos\/","url":"https:\/\/www.mariachi.bandamusical.mx\/blog\/mariachis-en-emiliano-zapata-morelos\/","name":"Mariachis en Emiliano Zapata Morelos | Reserve tel. 777 384 1340","isPartOf":{"@id":"https:\/\/www.mariachi.bandamusical.mx\/blog\/#website"},"primaryImageOfPage":{"@id":"https:\/\/www.mariachi.bandamusical.mx\/blog\/mariachis-en-emiliano-zapata-morelos\/#primaryimage"},"image":{"@id":"https:\/\/www.mariachi.bandamusical.mx\/blog\/mariachis-en-emiliano-zapata-morelos\/#primaryimage"},"thumbnailUrl":"https:\/\/www.mariachi.bandamusical.mx\/blog\/wp-content\/uploads\/2022\/06\/mariachi-zapata.jpg","datePublished":"2021-05-16T00:25:22+00:00","dateModified":"2025-01-31T02:00:41+00:00","description":"Mariachi Viva Zapata | Creando recuerdos inolvidables | Jiutepec \u2022 Temixco \u2022 Emiliano Zapata \u2022 Xochitepec \u2022 Cuernavaca","breadcrumb":{"@id":"https:\/\/www.mariachi.bandamusical.mx\/blog\/mariachis-en-emiliano-zapata-morelos\/#breadcrumb"},"inLanguage":"es","potentialAction":[{"@type":"ReadAction","target":["https:\/\/www.mariachi.bandamusical.mx\/blog\/mariachis-en-emiliano-zapata-morelos\/"]}]},{"@type":"ImageObject","inLanguage":"es","@id":"https:\/\/www.mariachi.bandamusical.mx\/blog\/mariachis-en-emiliano-zapata-morelos\/#primaryimage","url":"https:\/\/i0.wp.com\/www.mariachi.bandamusical.mx\/blog\/wp-content\/uploads\/2022\/06\/mariachi-zapata.jpg?fit=800%2C450&ssl=1","contentUrl":"https:\/\/i0.wp.com\/www.mariachi.bandamusical.mx\/blog\/wp-content\/uploads\/2022\/06\/mariachi-zapata.jpg?fit=800%2C450&ssl=1","width":800,"height":450},{"@type":"BreadcrumbList","@id":"https:\/\/www.mariachi.bandamusical.mx\/blog\/mariachis-en-emiliano-zapata-morelos\/#breadcrumb","itemListElement":[{"@type":"ListItem","position":1,"name":"Home","item":"https:\/\/www.mariachi.bandamusical.mx\/blog\/"},{"@type":"ListItem","position":2,"name":"Mariachi en Zapata"}]},{"@type":"WebSite","@id":"https:\/\/www.mariachi.bandamusical.mx\/blog\/#website","url":"https:\/\/www.mariachi.bandamusical.mx\/blog\/","name":"\u272a Mariachi Cocula Cuernavaca \u2605 Sitio oficial","description":"Econ&oacute;mico Calidad Garantizada Tel. 777 384 1340","publisher":{"@id":"https:\/\/www.mariachi.bandamusical.mx\/blog\/#\/schema\/person\/8e6e0bf96ef41eb472a2563ed1b8fc1a"},"potentialAction":[{"@type":"SearchAction","target":{"@type":"EntryPoint","urlTemplate":"https:\/\/www.mariachi.bandamusical.mx\/blog\/?s={search_term_string}"},"query-input":{"@type":"PropertyValueSpecification","valueRequired":true,"valueName":"search_term_string"}}],"inLanguage":"es"},{"@type":["Person","Organization"],"@id":"https:\/\/www.mariachi.bandamusical.mx\/blog\/#\/schema\/person\/8e6e0bf96ef41eb472a2563ed1b8fc1a","name":"admin","image":{"@type":"ImageObject","inLanguage":"es","@id":"https:\/\/www.mariachi.bandamusical.mx\/blog\/#\/schema\/person\/image\/","url":"https:\/\/secure.gravatar.com\/avatar\/7c78d2b426b975a1186407161f196911d34a46a3c12c8cde888311b9aac3b5d8?s=96&d=mm&r=g","contentUrl":"https:\/\/secure.gravatar.com\/avatar\/7c78d2b426b975a1186407161f196911d34a46a3c12c8cde888311b9aac3b5d8?s=96&d=mm&r=g","caption":"admin"},"logo":{"@id":"https:\/\/www.mariachi.bandamusical.mx\/blog\/#\/schema\/person\/image\/"}}]}},"jetpack_sharing_enabled":true,"_links":{"self":[{"href":"https:\/\/www.mariachi.bandamusical.mx\/blog\/wp-json\/wp\/v2\/pages\/208","targetHints":{"allow":["GET"]}}],"collection":[{"href":"https:\/\/www.mariachi.bandamusical.mx\/blog\/wp-json\/wp\/v2\/pages"}],"about":[{"href":"https:\/\/www.mariachi.bandamusical.mx\/blog\/wp-json\/wp\/v2\/types\/page"}],"author":[{"embeddable":true,"href":"https:\/\/www.mariachi.bandamusical.mx\/blog\/wp-json\/wp\/v2\/users\/1"}],"replies":[{"embeddable":true,"href":"https:\/\/www.mariachi.bandamusical.mx\/blog\/wp-json\/wp\/v2\/comments?post=208"}],"version-history":[{"count":31,"href":"https:\/\/www.mariachi.bandamusical.mx\/blog\/wp-json\/wp\/v2\/pages\/208\/revisions"}],"predecessor-version":[{"id":721,"href":"https:\/\/www.mariachi.bandamusical.mx\/blog\/wp-json\/wp\/v2\/pages\/208\/revisions\/721"}],"wp:attachment":[{"href":"https:\/\/www.mariachi.bandamusical.mx\/blog\/wp-json\/wp\/v2\/media?parent=208"}],"curies":[{"name":"wp","href":"https:\/\/api.w.org\/{rel}","templated":true}]}}